4 - 28 + 34. Calculate u(-13).
-8
Let k(p) = -1190*p - p**2 + 638*p - 6 + 570*p. Calculate k(19).
-25
Let w(f) be the first derivative of f**3/3 - 2*f**2 - f + 19. Suppose 17*b = -99 + 184. What is w(b)?
4
Let t(q) = -q**3 - 4*q**2 + 2*q - 6. Let f(g) be the third derivative of 7*g**4/24 + 29*g**3/3 - 5*g**2 + 5. Let z be f(-9). Give t(z).
9
Let j be 68/10 + (-22)/(-110). Let r(v) = -8*v + 7. Let f(x) = -29*x + 22. Let t(o) = 4*f(o) - 14*r(o). Calculate t(j).
-38
Let x be (-27)/((-6)/2) - 2. Let h(s) = -s - 4. Let o(j) = 5*j. Let y(a) = 23*a + 1. Let t(v) = 18*o(v) - 4*y(v). Let q(z) = 3*h(z) - 2*t(z). Give q(x).
3
Suppose -3*s + 60 = 2*m, 2*s - 31 = 2*m - 1. Suppose -z = -6*q + 2*q + 13, 3*z = 5*q - s. Let h(l) = l**3 - 3*l**2 - 3*l - 2. What is h(q)?
-11
Let m(u) = 22*u - 521. Let z(t) = 43*t - 1211. Let r(y) = -7*m(y) + 3*z(y). Determine r(4).
-86
Let f be (-12)/8*(-16)/(-6). Let h(k) be the second derivative of k**4/12 + k**3/2 + k**2/2 + 2*k - 6. Calculate h(f).
5
Let z = 18846 - 18849. Let i(s) = s**2 - 3*s - 2. Let y be i(4). Let f(b) = -2*b**3 + 2*b**3 - 2*b**y - 4 - b**3. Calculate f(z).
5
Let m(g) = 678*g - 1345. Let k be m(2). Let j(o) = -o**2 - 3*o + 145. Give j(k).
-9
Let k(f) be the second derivative of 11*f**3/6 - 171*f**2/2 - 30*f - 7. Calculate k(15).
-6
Let p be ((-11)/55 + -1)/(1/455). Let u be ((p/12)/(-13))/((-2)/(-4)). Let z(y) = y**2 - 8*y + 5. Calculate z(u).
-2
Let b = -42 + -15. Let s = 58 + b. Let r(y) = -y**2 - y - 1. Determine r(s).
-3
Let l(p) = 36*p. Let s(c) = -2*c**3 - 156*c**2 + 159*c + 80. Let q be s(-79). Determine l(q).
36
Let u(i) be the third derivative of i**7/2520 - i**6/720 - 31*i**5/120 - 25*i**4/24 - 61*i**2. Let l(b) be the second derivative of u(b). Give l(0).
-31
Suppose 5*i + 29 + 21 = 0. Let a(s) = -97*s + s**3 + 48*s + 10*s**2 + 0 + 3 + 50*s. Give a(i).
-7
Let h = 0 - -2. Suppose -p = 3*q + 2*p - 708, -10 = -h*p. Let k(l) = -2*l**3 + q*l + 3*l**3 - 229*l + l**2. What is k(-2)?
-8
Let g = -84 + 189. Let m be ((-20)/14)/((-15)/g). Let l(j) = 14*j**2 + 17 - 25*j**2 + 8*j - 3 + j**3. What is l(m)?
-6
Suppose 3*a - 70*j + 14 = -72*j, -4 = -2*a + 2*j. Let p(y) = -y**2 + 2*y + 3. Determine p(a).
-5
Suppose 2*k + 2*k = -4*m + 16, 2*k - 8 = -4*m. Let p be k/(-2)*1 + 8. Let y(n) = -7*n - 2*n + p + 11*n. Give y(-4).
-2
Let b(t) = t**3 + 6*t**2 + t - 5. Let m(o) = -o**2 + 29*o - 140. Let u be m(7). Suppose n - 2 = -2*d + 6, 2*d - 4*n = 28. Suppose d = -4*r - u. What is b(r)?
15
Let g(d) be the first derivative of 0*d**2 + 1/120*d**5 + 0*d + 12 + 5/3*d**3 + 5/12*d**4. Let q(a) be the third derivative of g(a). Give q(0).
10
Let k(a) = -a**2 + 4*a. Let s(b) = -b**3 + b**2 - 8*b - 36. Let d(r) = 2*k(r) + s(r). Determine d(0).
-36
Let z(r) be the third derivative of 1/12*r**4 - 2*r - 28*r**2 - 1/30*r**5 + 1/3*r**3 + 0. Suppose -4*s = 3*p - 22, 5*p - 2*s + 2 = s. What is z(p)?
-2
Let s(c) be the second derivative of 4*c + 0 + 1/6*c**3 + 1/2*c**2. Suppose 20*n = 30*n + 30. Calculate s(n).
-2
Suppose -232*g - 498 = 894. Let w(t) = 9*t**2 - 3*t**2 + t**3 + 10 - 3 + t. Determine w(g).
1
Let w(k) be the first derivative of k**3/3 + 7*k**2 - 26*k + 6701. Give w(-14).
-26
Let s(o) = -23 + 13*o + 392*o**2 - 806*o**2 - 11 + 415*o**2. Give s(-15).
-4
Let u(q) be the first derivative of -q**4/4 - 5*q**3/3 - 3*q**2/2 - 7*q - 538. Determine u(-5).
8
Let j(g) be the second derivative of -g**4/12 + 2*g**3 - 21*g**2/2 + g - 4776. Give j(9).
6
Let s(w) = -85097 + 170299 - 85153 - w. Calculate s(15).
34
Suppose 60*m - 222*m - 1053 - 1863 = 0. Let c(y) = 3*y + 76. What is c(m)?
22
Let n(u) = u**2 - 27*u + 17. Let s = -2211 + 2237. Determine n(s).
-9
Let p be (-1)/(0 - (3 + -4))*-17. Let n = -5 + p. Let o(f) = -2*f - 2. Let k(s) = s + 2. Let v(w) = -3*k(w) - 2*o(w). Give v(n).
10
Let z = -3099 - -3099. Let q(i) be the third derivative of 1/60*i**5 + 1/3*i**4 + 0 - 10*i**2 + z*i + 5/6*i**3. Calculate q(-7).
-2
Suppose 0 = 4*g + g - 30. Let t(d) = -d**2 - d. Let z(b) = -305 - 2*b**2 + 305. Let w(l) = 7*t(l) - 4*z(l). Determine w(g).
-6
Let c(d) = 2*d**3 - 2*d**2. Suppose 67 = -3*h + 4*p + 397, 2*h = p + 215. Suppose 0 = -8*f + 122 - h. What is c(f)?
8
Let h(r) be the first derivative of -r**5/60 - r**4/24 - r**3/6 - r**2 + 1. Let o(t) be the second derivative of h(t). Let l = 267378 - 267379. Give o(l).
-1
Let j(a) = -a**2 + a - 1. Let r(p) = 3*p**2 - p + 2. Let t(n) = 2*j(n) + r(n). Let q(w) = -2*w**2 - 14*w - 7. Let z(c) = -q(c) - t(c). Calculate z(-12).
-5
Let k(x) = -2*x**2 + 6*x + 1. Let a be (-1)/(3/(24/(-1))). Let v(l) = 44*l - 261. Let d be v(6). Suppose 3*t - a*t = 20, -d*t - 7 = q. Calculate k(q).
-19
Let k(h) = 2*h**2 - 10*h - 3. Let b(n) = -55*n + 1876. Let q be b(34). Calculate k(q).
9
Let t(q) = -q**3 + 16*q**2 - 16*q + 11. Let c be t(15). Let u(y) be the third derivative of 0*y - 11*y**2 - 1/3*y**3 + 0 + 1/8*y**4 + 1/60*y**5. What is u(c)?
2
Let r(z) = 3 - z**2 + 4*z**2 - 2*z**2 + z - 6*z. Let q(i) = -584*i + 2925. Let v be q(5). What is r(v)?
3
Let r(l) = -10 - 12 + 25 - 5*l - 11. Suppose -3*n + 1 - 25 = -3*w, 0 = 2*n. Let j(i) = -7*i - 12. Let f(a) = w*r(a) - 5*j(a). Give f(-5).
21
Let r(q) be the first derivative of q**3/3 - 3*q**2 + 15*q - 4841. Give r(6).
15
Let n(d) = -3*d - 8. Let m(u) = -3*u - 9. Let w(x) = -4*m(x) + 5*n(x). Let o be w(-2). Let z(y) = -o + 4*y**2 - 3*y**3 - 5*y**3 + 9*y**3 + 2*y. Calculate z(-2).
2
Suppose -4*h - 15 + 23 = 0. Let w(s) = -28 - s + 15 + 11 + h*s**2. Let p = -1395 + 1393. What is w(p)?
8
Let t = -55 + 56. Let h be (-5 - t)*(-14)/(-21). Let w(k) = -4*k**2 - 21*k - 3. Let v(r) = -2*r**2 - 10*r - 1. Let s(c) = 13*v(c) - 6*w(c). Determine s(h).
-11
Let v(k) = -k**3 - 3*k**2 - k - 1. Let y be 0 + 30/(-6) + 16. Suppose 0 = -y*d + d - 30. What is v(d)?
2
Let d = 8 + -5. Suppose -d = 8*b - 19. Let r(w) = -3*w**b + 3*w**2 + 7 + 5*w - w**2 - 14*w. Determine r(-7).
21
Suppose -102 + 12 = 5*p. Let w(m) = 81*m**2 + 24*m + 4. Let o(j) = -65*j**2 - 23*j - 6. Let l(r) = -5*o(r) - 4*w(r). What is l(p)?
-4
Let u(b) = -b**2 - b - 1. Suppose -h - d = -4 - 25, -2*d = -2*h + 74. Suppose 6*f - h - 21 = 0. Suppose 0 = f*k - 14*k - 5. Give u(k).
-1
Let p(j) = -j**2 + 5*j - 10. Let m be (13/(-65) + 18/(-10))*-14. Let c = m - 21. Calculate p(c).
-24
Let w(x) = 3*x - 38. Let t be w(11). Let j be (8 - 9)/(1/2) - t. Let o(z) = 3*z - 2 - 4*z**j - z + 2*z**2 + 3 - 9*z**3. Determine o(-1).
14
Let m(i) = 1097229*i + 19 - i**3 - i**3 + 19*i**2 - 1097220*i + 0. What is m(10)?
9
Let z(u) = u**2 + 7*u - 11. Let x(l) = 2*l**2 - 20*l - 30. Suppose 0 = -4*o + 14 + 30. Let n be x(o). What is z(n)?
-3
Let i(f) = 46*f - 5. Let p(r) = -5*r + 1. Let q(u) = -u. Let n(w) = p(w) + 6*q(w). Let y(z) = -2*i(z) - 9*n(z). Calculate y(-1).
-6
Let y(h) = -h**3 + 7*h**2 - 15*h + 16. Let f = -891 + 896. Give y(f).
-9
Let f(s) be the second derivative of -17*s**4/24 - s**3/6 + 19*s**2 + 95*s. Let y(o) be the first derivative of f(o). Determine y(-1).
16
Let m(b) be the first derivative of -2*b**3/3 + 3*b**2/2 + 13*b - 6907. Determine m(3).
4
Let y(x) = -413*x - 5362. Let u be y(-13). Let f(d) = d**3 - 7*d**2 + 4*d + 8. What is f(u)?
36
Let u(b) = -b**2 + 1. Let g be 1 + ((-990)/5)/2. Let p(k) = k**3 - 14*k**2 + 24*k. Let s be p(11). Let n = s - g. Calculate u(n).
0
Let n(c) be the third derivative of -c**4/6 + 5*c**3/6 - 381*c**2. Let h = -5 + 12. Determine n(h).
-23
Let k = 19 + -19. Suppose 3*c - 8*c + 25 = k. Suppose -2*f + 7*f + 4*h - 2 = 0, 0 = c*f + h - 8. Let y(t) = t**2 + 1. Give y(f).
5
Let i(a) = -79 + 513*a - 258*a - 255*a - a**3 - a**3. What is i(0)?
-79
Let t(c) = -2*c**3 - 16*c**2 - 7*c - 10. Let k be t(-8). Let n = k - 41. Let g(h) = h + 2. Give g(n).
7
Let m(x) = -x**2 + 37*x + 20. Let n(j) = -17*j**2 - 175*j - 14. Let c be n(-10). Give m(c).
56
Let b(a) be the second derivative of a**3/3 - 9*a**2 - 5119*a. Give b(-3).
-24
Suppose 0 = 120*z + 47*z + 668. Let q(j) = -2*j - 11. Give q(z).
-3
Let j(s) = 38*s - 490962 + 490794 + 3*s. Calculate j(4).
-4
Let p(b) = 10*b - 28. Suppose 137*c - 1208 = 439*c. What is p(c)?
-68
Let l(t) be the second derivative of -3*t**3 + t**2/2 - t - 215. Let z = -4 - -6. Suppose 5*m + 0*b + 3*b = 14, 6 = z*b. What is l(m)?
-17
Suppose 0 = -5*s + 5*q + 50, 2*s - 3853*q - 30 = -3849*q. Let v(b